033
110756 (base 8) to base 10
37358
5531 (base 7) to base 2
11110111110
Convert -16a2 (base 11) to base 9.
-2870
Convert -100c (base 16) to base 10.
-4108
What is -12231 (base 4) in base 7?
-1152
What is -163 (base 9) in base 5?
-1023
What is -21122 (base 4) in base 9?
-738
-4232 (base 13) to base 3
-110120112
What is 1312a (base 11) in base 10?
18787
-36 (base 11) to base 10
-39
Convert -117b (base 16) to base 12.
-270b
What is -16d4 (base 14) in base 4?
-1000022
-116 (base 15) to base 4
-3312
What is 2013 (base 5) in base 9?
316
What is 1b0 (base 15) in base 4?
12012
What is 110011101 (base 3) in base 11?
6730
What is 1a705 (base 13) in base 8?
145007
What is 501 (base 16) in base 2?
10100000001
What is -b0 (base 12) in base 11?
-110
163033 (base 7) to base 14
ba8a
Convert 1176 (base 10) to base 9.
1546
-746 (base 13) to base 6
-5425
What is -3057 (base 9) in base 16?
-8bf
Convert 9387 (base 10) to base 14.
35c7
What is -150 (base 15) in base 6?
-1220
10110111011100 (base 2) to base 9
17084
-4141 (base 5) to base 6
-2310
-111010 (base 2) to base 9
-64
Convert 2022 (base 7) to base 5.
10302
What is -1203120 (base 5) in base 8?
-53415
233513 (base 8) to base 15
1892b
4d1 (base 16) to base 3
1200200
-34b (base 14) to base 16
-28f
1001011100 (base 2) to base 12
424
Convert -2074 (base 11) to base 9.
-3677
Convert -1319 (base 11) to base 10.
-1714
Convert 354b8 (base 12) to base 14.
1c11a
1200 (base 6) to base 12
200
-1136 (base 7) to base 8
-643
What is 10202233 (base 4) in base 11?
12a86
Convert 863 (base 9) to base 6.
3133
Convert 10002201 (base 3) to base 12.
1384
Convert 15460 (base 14) to base 5.
3144004
9440 (base 10) to base 11
7102
23449 (base 10) to base 14
878d
Convert -1000101100010000 (base 2) to base 5.
-2114400
Convert 11001100101 (base 2) to base 6.
11325
1818 (base 9) to base 6
10242
Convert -5420 (base 6) to base 4.
-103110
491 (base 11) to base 13
35c
What is 28331 (base 9) in base 6?
225001
What is -1148 (base 9) in base 8?
-1526
Convert 11210 (base 4) to base 6.
1352
Convert -112 (base 5) to base 16.
-20
-1073 (base 13) to base 16
-8f3
Convert -231202 (base 4) to base 6.
-21254
Convert 53110 (base 9) to base 14.
cadc
Convert 1b2b (base 16) to base 11.
5253
What is -1011010110101101 (base 2) in base 8?
-132655
-31533 (base 7) to base 14
-2bc3
What is -46565 (base 7) in base 8?
-27262
2698 (base 11) to base 9
4713
-155e (base 15) to base 14
-195b
Convert -1010000110110110 (base 2) to base 11.
-29115
Convert -3466 (base 12) to base 4.
-1123032
Convert 6a0 (base 16) to base 15.
781
-350 (base 11) to base 9
-514
What is -513b (base 13) in base 5?
-324304
Convert 20057 (base 8) to base 14.
3007
Convert -7575 (base 16) to base 6.
-351113
What is -101011111 (base 2) in base 14?
-1b1
Convert -110331 (base 4) to base 5.
-20331
What is 1000000011 (base 2) in base 14?
28b
What is -28416 (base 11) in base 2?
-1001110111101111
-13021232 (base 4) to base 11
-20011
Convert 418e (base 16) to base 11.
11677
6635 (base 13) to base 10
14240
201a (base 13) to base 9
6047
What is -63354 (base 10) in base 6?
-1205150
What is 1205 (base 9) in base 4?
32000
Convert 156101 (base 7) to base 14.
b3a8
-10102 (base 5) to base 2
-1010001100
What is 597b (base 13) in base 5?
400413
2800 (base 15) to base 8
20546
What is -2441020 (base 5) in base 10?
-46385
Convert 11684 (base 9) to base 4.
1322230
What is -31a (base 11) in base 13?
-237
Convert -100100110 (base 2) to base 6.
-1210
Convert -1725 (base 8) to base 11.
-812
What is 12003 (base 4) in base 16?
183
-23c (base 15) to base 4
-13323
What is -102202112 (base 3) in base 16?
-217d
What is 111001111 (base 2) in base 3?
122011
Convert 6a0 (base 11) to base 15.
3ab
-1011110010001 (base 2) to base 14
-22ad
10010001111 (base 2) to base 16
48f
What is 18dd (base 16) in base 3?
22201202
Convert 1613 (base 7) to base 2.
1010000111
Convert 406 (base 7) to base 10.
202
Convert -279 (base 10) to base 13.
-186
2300310 (base 4) to base 9
16463
What is 10556 (base 8) in base 11?
3397
Convert -2a6 (base 14) to base 2.
-1000011010
Convert 320311 (base 4) to base 14.
147b
Convert -15a (base 15) to base 12.
-21a
-11003 (base 6) to base 15
-6b0
What is -30113 (base 4) in base 7?
-2210
What is -10121100 (base 3) in base 6?
-20100
Convert -a71 (base 13) to base 2.
-11011110110
Convert -1330 (base 8) to base 16.
-2d8
What is -5adb (base 14) in base 9?
-23686
-423b (base 14) to base 10
-11421
What is -270 (base 11) in base 5?
-2234
Convert -1009 (base 11) to base 3.
-1211122
-11133 (base 8) to base 6
-33431
7394 (base 12) to base 7
51565
-1dc2 (base 15) to base 11
-4963
Convert 156 (base 14) to base 8.
420
Convert 1031 (base 13) to base 11.
1754
Convert 1120210 (base 3) to base 14.
5c7
Convert 1002110 (base 4) to base 12.
2558
291 (base 12) to base 14
205
Convert -22215 (base 6) to base 9.
-4232
4e9 (base 16) to base 2
10011101001
-eed9 (base 16) to base 7
-343160
What is 44 (base 15) in base 11?
59
Convert -12073 (base 9) to base 6.
-101233
What is 10023312 (base 4) in base 7?
100656
What is -5048 (base 15) in base 13?
-7934
Convert 423 (base 10) to base 4.
12213
What is -100012 (base 3) in base 11?
-206
Convert 45781 (base 9) to base 15.
90a4
Convert 560b (base 12) to base 6.
112015
Convert -45543 (base 6) to base 11.
-4953
Convert 10000000011100 (base 2) to base 12.
4910
3101 (base 9) to base 16
8dd
What is -1032 (base 13) in base 10?
-2238
What is 1968 (base 10) in base 4?
132300
-6463 (base 10) to base 16
-193f
e36 (base 16) to base 13
186b
Convert -216451 (base 7) to base 14.
-dd61
What is 15 (base 8) in base 10?
13
What is 1111110 (base 2) in base 11?
105
Convert 4a2b (base 13) to base 3.
112102110
-126cf (base 16) to base 3
-10211112020
-1471 (base 15) to base 6
-32141
What is 1001110101011000 (base 2) in base 13?
15446
-2a97 (base 14) to base 13
-35b2
What is -243313 (base 5) in base 3?
-110122001
What is -1101100111110 (base 2) in base 13?
-3236
What is -35300 (base 6) in base 14?
-1bc8
What is 597 (base 13) in base 10?
969
Convert 51a (base 15) to base 11.
956
Convert 62565 (base 7) to base 8.
36030
What is 1201313 (base 5) in base 2?
101011001000011
Convert -20001210 (base 3) to base 7.
-15615
Convert -5613 (base 11) to base 2.
-1110011100011
What is -3141 (base 7) in base 6?
-5043
What is 1000010010 (base 2) in base 15?
255
What is -10100111 (base 2) in base 10?
-167
What is 1402 (base 6) in base 14?
1bc
What is -139 (base 15) in base 7?
-546
-2023 (base 5) to base 7
-524
What is 35326 (base 8) in base 13?
6b18
2112 (base 4) to base 8
226
1732a (base 11) to base 13
b114
What is 38641 (base 10) in base 2?
1001011011110001
What is -b28 (base 14) in base 15?
-9b2
Convert 30100100 (base 4) to base 2.
1100010000010000
-1048 (base 11) to base 6
-10223
Convert -46ac (base 14) to base 13.
-57a6
14344 (base 5) to base 10
1224
Convert -412345 (base 6) to base 16.
-80c9
What is 21220 (base 3) in base 6?
553
-33376 (base 9) to base 16
-56a6
What is -5255 (base 7) in base 2?
-11100111101
-456 (base 11) to base 2
-1000100001
Convert 1342030 (base 5) to base 6.
332313
Convert -31553 (base 8) to base 11.
-9987
Convert -20032 (base 4) to base 5.
-4101
What is -1111001111 (base 2) in base 16?
-3cf
-1100110100110 (base 2) to base 4
-1212212
Convert 1333 (base 13) to base 4.
222322
147 (base 12) to base 5
1244
What is -20221011 (base 3) in base 4?
-1032331
What is 4266 (base 10) in base 4?
1002222
What is 23b8 (base 14) in base 7?
24121
Convert 5200 (base 8) to base 7.
10560
What is -2587 (base 12) in base 4?
-1002313
11122 (base 3) to base 10
125
Convert 20000 (base 5) to base 7.
3434
Convert 286 (base 11) to base 2.
101010000
-18285 (base 9) to base 13
-5999
-11c2 (base 13) to base 8
-4734
-72a (base 16) to base 9
-2457
Convert 5505 (base 14) to base 4.
3211301
What is -6741 (base 12) in base 10?
-11425
115126 (base 8) to base 4
21221112
What is -100001010010 (base 2) in base 8?
-4122
Convert 10201320 (base 4) to base 13.
85a1
Convert 39b (base 13) to base 16.
27b
What is 11013 (base 4) in base 16?
147
What is -2533 (base 6) in base 13?
-399
11002021 (base 3) to base 12
1881
What is 5311 (base 6) in base 11?
997
29b (base 12) to base 13
254
Convert -20210201 (base 3) to base 5.
-124320
110423 (base 5) to base 4
330113
Conver